) in base 12?
2b13
Convert -1010011010001 (base 2) to base 16.
-14d1
1470 (base 11) to base 10
1892
What is 55 (base 6) in base 10?
35
1120 (base 6) to base 4
10020
Convert -181 (base 15) to base 5.
-2341
Convert -8d05 (base 15) to base 3.
-1112001112
48b8 (base 12) to base 14
2dc0
What is -2452 (base 7) in base 12?
-647
-24533 (base 6) to base 2
-111001001001
Convert 30749 (base 12) to base 8.
173451
15b (base 14) to base 8
425
Convert 5a40 (base 13) to base 4.
3012313
What is -112021111 (base 3) in base 4?
-2202220
-50c3 (base 16) to base 3
-1001100202
What is -338 (base 16) in base 13?
-4b5
Convert 3a33 (base 16) to base 8.
35063
Convert -6734 (base 8) to base 4.
-313130
What is 33c7 (base 13) in base 7?
30112
-46 (base 11) to base 7
-101
What is -101023 (base 4) in base 2?
-10001001011
Convert -11110010 (base 2) to base 5.
-1432
Convert 61653 (base 7) to base 2.
11101011101001
-3433 (base 10) to base 2
-110101101001
10002110 (base 3) to base 14
b6d
-1021012012 (base 3) to base 7
-132446
Convert 222112 (base 3) to base 11.
5a1
-5b96 (base 12) to base 13
-4923
Convert 257 (base 9) to base 11.
185
Convert 4759 (base 15) to base 8.
35467
Convert -31304 (base 6) to base 2.
-1000001111000
Convert -101331 (base 8) to base 3.
-1200221122
111213 (base 4) to base 15
623
-ae2b (base 15) to base 10
-36941
Convert 34022 (base 8) to base 7.
56564
Convert -1712 (base 12) to base 10.
-2750
What is -121311 (base 4) in base 5?
-23103
Convert 1042430 (base 5) to base 6.
221334
Convert -33b (base 12) to base 11.
-3a6
What is 12211 (base 5) in base 2?
1110100011
1022202 (base 3) to base 7
2546
What is -f47 (base 16) in base 4?
-331013
What is -1104 (base 7) in base 14?
-204
134 (base 11) to base 15
a8
10000001111 (base 2) to base 11
865
Convert -41200 (base 6) to base 7.
-21645
Convert -172c (base 16) to base 15.
-1b57
What is 456361 (base 7) in base 15?
19221
What is 58125 (base 9) in base 12?
1a505
Convert 10119 (base 10) to base 3.
111212210
-13617 (base 9) to base 16
-2422
144504 (base 6) to base 15
423d
Convert -660 (base 8) to base 5.
-3212
Convert -5523 (base 8) to base 14.
-10b1
What is 6025 (base 9) in base 14?
1861
Convert 968 (base 15) to base 2.
100001001011
What is 246 (base 7) in base 3?
11220
Convert -26704 (base 8) to base 15.
-3711
-5e2 (base 16) to base 13
-8bb
What is 31231 (base 4) in base 9?
1174
Convert 10011 (base 3) to base 11.
78
-1211022 (base 3) to base 12
-92b
What is -28ba (base 12) in base 4?
-1022032
Convert -25d (base 15) to base 4.
-20122
Convert -607 (base 12) to base 15.
-3d1
-11020 (base 4) to base 7
-646
5056 (base 8) to base 16
a2e
Convert -565 (base 10) to base 16.
-235
-1026 (base 8) to base 10
-534
What is -15bd0 (base 15) in base 10?
-70170
What is -11101110111100 (base 2) in base 6?
-154444
Convert 1781 (base 15) to base 6.
35251
2012212202 (base 3) to base 4
22222010
What is 2487 (base 12) in base 6?
31051
Convert 1011101001011001 (base 2) to base 13.
18938
409 (base 16) to base 10
1033
Convert 3a1 (base 14) to base 6.
3213
1344 (base 6) to base 8
540
What is -1444 (base 6) in base 12?
-284
Convert -1010101111111 (base 2) to base 12.
-3227
Convert 94 (base 16) to base 2.
10010100
What is 1a30 (base 13) in base 16?
f56
Convert -2330 (base 4) to base 15.
-c8
What is 20130 (base 5) in base 14?
682
What is 1c8d (base 15) in base 14?
2396
-161 (base 14) to base 12
-1b5
What is -1310311 (base 4) in base 11?
-5688
What is -1101 (base 7) in base 2?
-110001001
Convert 140464 (base 7) to base 14.
99db
-20230 (base 4) to base 9
-677
-3724 (base 9) to base 6
-20504
Convert -4232 (base 5) to base 10.
-567
95 (base 13) to base 3
11112
What is -2503 (base 9) in base 6?
-12350
What is 75035 (base 8) in base 9?
46784
Convert 2680 (base 9) to base 8.
3740
What is 3432 (base 8) in base 12?
1076
What is 12221 (base 3) in base 10?
160
What is 24d (base 14) in base 3?
122002
Convert 23a09 (base 12) to base 8.
135751
Convert 1000022220 (base 3) to base 2.
100110111010011
Convert d5 (base 16) to base 10.
213
What is -14261 (base 8) in base 9?
-8603
-96a5 (base 11) to base 16
-3214
-5507 (base 9) to base 4
-333121
Convert 279 (base 10) to base 7.
546
What is -10300 (base 5) in base 3?
-221221
What is 308 (base 9) in base 4?
3323
Convert 421142 (base 5) to base 12.
8082
111111 (base 2) to base 15
43
-975 (base 14) to base 15
-847
What is -21133 (base 13) in base 14?
-179a2
What is 2013043 (base 5) in base 13?
118c7
-11001110000 (base 2) to base 7
-4543
-d91 (base 15) to base 2
-101111110101
What is 7346 (base 9) in base 2?
1010100001100
What is 31333231 (base 4) in base 10?
57325
410 (base 7) to base 4
3023
381 (base 16) to base 9
1206
What is -12228 (base 16) in base 4?
-102020220
5096 (base 10) to base 16
13e8
28a0 (base 13) to base 4
1123310
-1010120 (base 3) to base 13
-4b6
Convert -2045 (base 6) to base 5.
-3321
-955 (base 11) to base 4
-101331
Convert -b7e (base 15) to base 16.
-a22
What is -c3 (base 15) in base 14?
-d1
Convert -15b (base 13) to base 7.
-500
What is 2041 (base 16) in base 12?
4941
What is 100000102 (base 3) in base 13?
2cb7
Convert -34 (base 6) to base 9.
-24
-2a36b (base 13) to base 15
-18928
12100122 (base 3) to base 14
15cd
14c (base 14) to base 11
220
-23123 (base 4) to base 7
-2063
Convert 38c6 (base 15) to base 4.
2331033
Convert 102130011 (base 4) to base 3.
10211121020
Convert 609 (base 14) to base 6.
5253
18b9 (base 14) to base 10
4475
Convert 10001111 (base 2) to base 13.
b0
-4004 (base 7) to base 13
-81b
-6e8 (base 16) to base 15
-7cd
328a9 (base 11) to base 13
18911
-172 (base 8) to base 14
-8a
What is 3302 (base 8) in base 10?
1730
What is 43011 (base 5) in base 2?
101101000001
What is 1102102 (base 3) in base 14?
541
What is 977 (base 11) in base 2?
10010010101
-10441 (base 5) to base 12
-522
-30221 (base 4) to base 10
-809
Convert -5345 (base 7) to base 2.
-11101100111
6579 (base 11) to base 7
34204
What is -103a (base 11) in base 8?
-2536
Convert -e62 (base 16) to base 14.
-14b0
Convert 7dd7 (base 14) to base 3.
1010002210
Convert 184a (base 12) to base 11.
2231
12121001 (base 3) to base 16
fee
What is -403212 (base 5) in base 15?
-3c72
What is 21131 (base 4) in base 14?
313
Convert 410220 (base 6) to base 2.
111111011100100
What is -2525 (base 14) in base 4?
-1211211
Convert 6bc8 (base 13) to base 7.
62221
What is cb (base 13) in base 2?
10100111
Convert -4251 (base 7) to base 11.
-114a
14032 (base 5) to base 3
1120022
What is -2220a (base 11) in base 5?
-2012241
-10471 (base 9) to base 3
-100112101
-32c (base 13) to base 14
-2ad
Convert 5d7 (base 16) to base 14.
78b
11011 (base 2) to base 12
23
Convert -c361 (base 14) to base 3.
-1201002111
What is 11415 (base 11) in base 10?
16472
What is -155 (base 16) in base 14?
-1a5
What is 366 (base 8) in base 15?
116
What is 4622 (base 14) in base 6?
132222
What is -b77 (base 13) in base 2?
-11110100101
-404 (base 11) to base 14
-26c
What is -3212 (base 5) in base 11?
-363
What is 100002010 (base 4) in base 14?
19d08
What is -27a (base 15) in base 5?
-4230
What is -2111 (base 16) in base 4?
-2010101
6e16 (base 15) to base 10
23421
Convert 245 (base 8) to base 16.
a5
-29 (base 15) to base 5
-124
Convert -5566 (base 7) to base 13.
-bb6
-62c5 (base 16) to base 12
-12771
Convert -40201 (base 5) to base 12.
-1587
Convert 21002211 (base 3) to base 16.
143b
Convert -6004 (base 14) to base 4.
-10001110
What is 26ca (base 13) in base 2?
1010111000110
Convert -8322 (base 12) to base 5.
-424112
11a7 (base 12) to base 16
7cf
-cb34 (base 13) to base 9
-42686
Convert -12204 (base 6) to base 4.
-130030
-115045 (base 6) to base 4
-2133011
What is 11012210 (base 3) in base 7?
11646
Convert -1014304 (base 6) to base 3.
-2111010011
Convert 223314 (base 7) to base 8.
115263
What is -254 (base 10) in base 13?
-167
214 (base 8) to base 12
b8
-1113024 (base 5) to base 13
-8cc4
Convert -1120 (base 8) to base 7.
-1504
What is -5051 (base 9) in base 7?
-13522
Convert -100103 (base 4) to base 11.
-869
-100201 (base 3) to base 7
-523
-5204 (base 9) to base 4
-323203
Convert -2620 (base 12) to base 5.
-114334
18629 (base 10) to base 2
100100011000101
What is -141310 (base 6) in base 10?
-13290
-22b56 (base 12) to base 2
-1011010111110010
188 (base 14) to base 16
13c
Convert -a41 (base 